{"id":479,"date":"2023-06-12T10:54:01","date_gmt":"2023-06-12T10:54:01","guid":{"rendered":"https:\/\/diegoguerrero.es\/?post_type=product&#038;p=479"},"modified":"2023-06-15T11:16:12","modified_gmt":"2023-06-15T11:16:12","slug":"vinilo-album-por-la-tangente-descarga-digital","status":"publish","type":"product","link":"https:\/\/diegoguerrero.es\/index.php\/producto\/vinilo-album-por-la-tangente-descarga-digital\/","title":{"rendered":"Vinilo \u00c1lbum POR LA TANGENTE + Descarga Digital"},"content":{"rendered":"<p>\u00c1lbum <em>Por la Tangente<\/em> en formato Vinilo LP. Firmado con dedicatoria personalizado. Tambi\u00e9n recibir\u00e1s una descarga digital del \u00e1lbum.<\/p>\n","protected":false},"excerpt":{"rendered":"<p>Vinilo <em>Por la Tangente<\/em><\/p>\n","protected":false},"featured_media":480,"template":"","meta":[],"product_brand":[],"product_cat":[17],"product_tag":[],"class_list":{"0":"post-479","1":"product","2":"type-product","3":"status-publish","4":"has-post-thumbnail","6":"product_cat-sin-categorizar","8":"first","9":"instock","10":"shipping-taxable","11":"purchasable","12":"product-type-simple"},"_links":{"self":[{"href":"https:\/\/diegoguerrero.es\/index.php\/wp-json\/wp\/v2\/product\/479","targetHints":{"allow":["GET"]}}],"collection":[{"href":"https:\/\/diegoguerrero.es\/index.php\/wp-json\/wp\/v2\/product"}],"about":[{"href":"https:\/\/diegoguerrero.es\/index.php\/wp-json\/wp\/v2\/types\/product"}],"wp:featuredmedia":[{"embeddable":true,"href":"https:\/\/diegoguerrero.es\/index.php\/wp-json\/wp\/v2\/media\/480"}],"wp:attachment":[{"href":"https:\/\/diegoguerrero.es\/index.php\/wp-json\/wp\/v2\/media?parent=479"}],"wp:term":[{"taxonomy":"product_brand","embeddable":true,"href":"https:\/\/diegoguerrero.es\/index.php\/wp-json\/wp\/v2\/product_brand?post=479"},{"taxonomy":"product_cat","embeddable":true,"href":"https:\/\/diegoguerrero.es\/index.php\/wp-json\/wp\/v2\/product_cat?post=479"},{"taxonomy":"product_tag","embeddable":true,"href":"https:\/\/diegoguerrero.es\/index.php\/wp-json\/wp\/v2\/product_tag?post=479"}],"curies":[{"name":"wp","href":"https:\/\/api.w.org\/{rel}","templated":true}]}}